 digit of 43582?
4
What is the units digit of 224?
4
What is the units digit of 18030?
0
What is the hundreds digit of 545?
5
What is the ten thousands digit of 12574?
1
What is the units digit of 15623?
3
What is the units digit of 4490?
0
What is the tens digit of 11965?
6
What is the hundreds digit of 3343?
3
What is the units digit of 1776?
6
What is the units digit of 17765?
5
What is the hundreds digit of 3153?
1
What is the hundreds digit of 1373?
3
What is the hundreds digit of 2381?
3
What is the ten thousands digit of 20080?
2
What is the thousands digit of 1011?
1
What is the thousands digit of 2068?
2
What is the units digit of 10424?
4
What is the tens digit of 853?
5
What is the units digit of 8424?
4
What is the ten thousands digit of 58396?
5
What is the units digit of 8648?
8
What is the thousands digit of 45685?
5
What is the thousands digit of 3480?
3
What is the tens digit of 4099?
9
What is the thousands digit of 49773?
9
What is the units digit of 3014?
4
What is the hundreds digit of 2828?
8
What is the ten thousands digit of 169785?
6
What is the thousands digit of 19057?
9
What is the tens digit of 637?
3
What is the tens digit of 37166?
6
What is the hundreds digit of 1738?
7
What is the ten thousands digit of 28136?
2
What is the units digit of 3682?
2
What is the hundreds digit of 8818?
8
What is the hundreds digit of 18643?
6
What is the hundreds digit of 3594?
5
What is the thousands digit of 7432?
7
What is the tens digit of 5002?
0
What is the hundreds digit of 1907?
9
What is the hundreds digit of 9459?
4
What is the tens digit of 694?
9
What is the tens digit of 2514?
1
What is the units digit of 8961?
1
What is the units digit of 15330?
0
What is the tens digit of 2537?
3
What is the thousands digit of 1109?
1
What is the tens digit of 29?
2
What is the hundred thousands digit of 125943?
1
What is the thousands digit of 21329?
1
What is the thousands digit of 59774?
9
What is the thousands digit of 6975?
6
What is the tens digit of 3598?
9
What is the units digit of 10458?
8
What is the tens digit of 264?
6
What is the tens digit of 394?
9
What is the units digit of 5407?
7
What is the hundreds digit of 883?
8
What is the units digit of 24336?
6
What is the units digit of 764?
4
What is the hundreds digit of 355?
3
What is the tens digit of 18057?
5
What is the thousands digit of 1034?
1
What is the thousands digit of 145496?
5
What is the thousands digit of 3385?
3
What is the units digit of 4167?
7
What is the units digit of 1294?
4
What is the units digit of 9459?
9
What is the tens digit of 3402?
0
What is the thousands digit of 3495?
3
What is the hundreds digit of 431?
4
What is the thousands digit of 23693?
3
What is the hundreds digit of 104?
1
What is the tens digit of 8268?
6
What is the units digit of 56851?
1
What is the thousands digit of 36452?
6
What is the hundreds digit of 46459?
4
What is the thousands digit of 9826?
9
What is the tens digit of 445?
4
What is the thousands digit of 64388?
4
What is the units digit of 2588?
8
What is the hundreds digit of 1976?
9
What is the tens digit of 7181?
8
What is the thousands digit of 17421?
7
What is the units digit of 25689?
9
What is the ten thousands digit of 16080?
1
What is the tens digit of 1207?
0
What is the hundreds digit of 8379?
3
What is the tens digit of 2990?
9
What is the thousands digit of 6926?
6
What is the tens digit of 51942?
4
What is the units digit of 66919?
9
What is the tens digit of 3303?
0
What is the hundreds digit of 2327?
3
What is the hundreds digit of 907?
9
What is the ten thousands digit of 27443?
2
What is the units digit of 1781?
1
What is the units digit of 177?
7
What is the units digit of 399?
9
What is the thousands digit of 3424?
3
What is the thousands digit of 1336?
1
What is the thousands digit of 3121?
3
What is the hundreds digit of 25199?
1
What is the hundreds digit of 11014?
0
What is the hundreds digit of 89992?
9
What is the thousands digit of 2187?
2
What is the tens digit of 4042?
4
What is the hundreds digit of 1557?
5
What is the units digit of 26?
6
What is the thousands digit of 5559?
5
What is the thousands digit of 16802?
6
What is the tens digit of 901?
0
What is the tens digit of 508?
0
What is the thousands digit of 1646?
1
What is the units digit of 5903?
3
What is the units digit of 80019?
9
What is the hundreds digit of 916?
9
What is the tens digit of 2623?
2
What is the hundreds digit of 18788?
7
What is the hundreds digit of 3748?
7
What is the hundreds digit of 802?
8
What is the ten thousands digit of 25045?
2
What is the units digit of 58654?
4
What is the hundreds digit of 9936?
9
What is the tens digit of 9960?
6
What is the hundreds digit of 4204?
2
What is the hundreds digit of 3404?
4
What is the units digit of 104991?
1
What is the hundred thousands digit of 102850?
1
What is the thousands digit of 9054?
9
What is the tens digit of 1509?
0
What is the hundreds digit of 2276?
2
What is the thousands digit of 17076?
7
What is the thousands digit of 77411?
7
What is the thousands digit of 45593?
5
What is the thousands digit of 5303?
5
What is the tens digit of 3222?
2
What is the hundreds digit of 1145?
1
What is the hundreds digit of 2699?
6
What is the ten thousands digit of 37229?
3
What is the units digit of 491?
1
What is the thousands digit of 4870?
4
What is the units digit of 702?
2
What is the thousands digit of 23898?
3
What is the ten thousands digit of 16120?
1
What is the tens digit of 2247?
4
What is the tens digit of 2344?
4
What is the units digit of 6484?
4
What is the hundreds digit of 25092?
0
What is the hundreds digit of 1709?
7
What is the tens digit of 4414?
1
What is the thousands digit of 6600?
6
What is the tens digit of 3614?
1
What is the hundreds digit of 5392?
3
What is the hundreds digit of 7749?
7
What is the hundreds digit of 10707?
7
What is the tens digit of 96347?
4
What is the thousands digit of 4679?
4
What is the tens digit of 6853?
5
What is the thousands digit of 3729?
3
What is the tens digit of 1119?
1
What is the tens digit of 1342?
4
What is the hundreds digit of 3376?
3
What is the units digit of 3291?
1
What is the ten thousands digit of 21630?
2
What is the hundreds digit of 54164?
1
What is the tens digit of 7533?
3
What is the thousands digit of 24788?
4
What is the units digit of 5318?
8
What is the hundreds digit of 84211?
2
What is the tens digit of 10392?
9
What is the hundreds digit of 946?
9
What is the thousands digit of 75193?
5
What is the thousands digit of 2118?
2
What is the hundreds digit of 698?
6
What is the hundred thousands digit of 135796?
1
What is the hundreds digit of 1058?
0
What is the hundreds digit of 31215?
2
What is the units digit of 1813?
3
What is the hundreds digit of 1003?
0
What is the units digit of 1602?
2
What is the units digit of 9477?
7
What is the ten thousands digit of 110538?
1
What is the ten thousands digit of 126406?
2
What is the units digit of 1296?
6
What is the hundreds digit of 782?
7
What is the units digit of 4760?
0
What is the hundreds digit of 46646?
6
What is the units digit of 6431?
1
What is the ten thousands digit of 10786?
1
What is the units digit of 21067?
7
What is the units digit of 3590?
0
What is the units digit of 16317?
7
What is the hundreds digit of 9512?
5
What is the units digit of 440?
0
What is the hundreds digit of 30042?
0
What is the tens digit of 4337?
3
What is the ten thousands digit of 13957?
1
What is the tens digit of 55805?
0
What is the ten thousands digit of 34429?
3
What is the hundreds digit of 672?
6
What is the hundreds digit of 886?
8
What is the thousands digit of 21978?
1
What is the hundreds digit of 681?
6
What is the hundreds digit of 1248?
2
What is the thousands digit of 45968?
5
What is the units digit of 308?
8
What is the units digit of 1272?
2
What is the ten thousands digit of 64592?
6
What is the hundreds digit of 41226?
2
What is the tens digit of 26744?
4
What is the units digit of 3397?
7
What is the thousands digit of 1474?
1
What is the units digit of 661?
1
What is the ten thousands digit of 23124?
2
What is the tens digit of 1754?
5
What is the tens digit of 5146?
4
What is the thousands digit of 17529?
7
What is